 21*b - 21. Let j be n(-20). Determine f(j).
42
Suppose 0 = -205*z + 4327 + 1823. Let s(l) = -l**3 + 29*l**2 + 31*l - 17. Give s(z).
13
Suppose 24*p = 40*p - 16. Let k(n) be the second derivative of n + 0 + 11/12*n**4 + 1/6*n**3 - 1/2*n**2. Determine k(p).
11
Let p(b) = -b**2 - 16*b + 1. Let u be p(-11). Suppose -76 = -3*z + u. Let h(q) = 50*q + 29 - 31 - z*q. Give h(5).
28
Let h(v) = 5*v**2 - 23 - 3*v - 6*v**2 + 17*v - 16 - 17. Determine h(8).
-8
Let y(s) = s**2 + 19*s + 20. Let k = 3237 - 3256. Determine y(k).
20
Let v(b) = -b**3 - 4*b**2 - 3*b - 4. Suppose 47 = 4*k + 27. Suppose -k*d = -o + 15, 3*o - 17 = d - 0*d. Give v(d).
-6
Suppose -7*l - 272 = -251. Let y(o) = o**2 + 7*o + 1. Let x(m) = -m - 4. Let b be x(-6). Let u(w) = 3*w + 1. Let r(k) = b*y(k) - 5*u(k). Calculate r(l).
18
Let o(x) = 5*x - 5. Suppose -190 + 114 = -38*q. Determine o(q).
5
Let t(g) be the third derivative of g**4/24 - 11*g**3/2 + 21*g**2 + 84*g. What is t(-15)?
-48
Let x = 3609 - 3615. Let k(y) = -2 - 2*y**2 + 0*y - 7*y + 8. What is k(x)?
-24
Let r(l) = -2*l**3 + l**2 + 2*l - 5. Let y(z) = 9*z**3 - 5*z**2 - 5*z + 15. Let h(j) = 3*r(j) + y(j). Calculate h(-2).
-34
Let q(v) = -v**2 + 9*v - 6. Let c be q(8). Suppose 3*u - 17 = -4*t, 2*t + c*u + 2 = 12. Let k(m) = -3*m - 8 - 98*m**t - 3*m + 97*m**2 - m. Determine k(-8).
-16
Let o(v) = -5*v + 11*v - 7*v**3 + 6*v**3 + 53*v**2 - 52*v**2. What is o(3)?
0
Let w(c) = -5*c - 2. Let u(q) = 125*q - 39. Let y be u(1). Suppose -20*x - 266 = -y. Determine w(x).
43
Let i(b) be the first derivative of 2*b**2 + 108*b - 10770. What is i(-23)?
16
Let k(x) = x - 6. Let h be (15/(-5))/(5/5). Let r(z) = -2*z + 11. Let i(p) = h*r(p) - 5*k(p). Suppose -15 + 9 = -2*m. What is i(m)?
0
Let o(v) = v + 7 - 2 + 5 - 11. Let n(s) = -1. Let c(z) = -7*n(z) + 4*o(z). What is c(-3)?
-9
Let d(l) = -5*l**2 + 10*l - 4. Let i(m) = m**2 - 1. Let v = -3 - -2. Suppose 38*q - 33*q + 4 = 4*u, 28 = -4*u - 3*q. Let h(j) = u*i(j) + v*d(j). Determine h(7).
-13
Suppose -1721*n + 1722*n - 2 = 0. Let l(d) = -7*d**2 + 2*d. What is l(n)?
-24
Let c(o) = -106*o + 292*o - 9 - 184*o. Let m be (-3)/(-12)*-1 - 42/(-8). Determine c(m).
1
Let d(o) = -9*o + 38. Let t(z) = -11*z - 4 + 13*z - 5. Let q(g) = -6*d(g) - 26*t(g). Give q(-5).
-4
Let s be 20*3*(-6)/72. Let q(f) = 2*f**3 - 7*f**2 - 22*f + 3. Let g(k) = -k**3 + 4*k**2 + 11*k - 2. Let y(l) = s*g(l) - 2*q(l). Calculate y(7).
-24
Let u = -693 + 693. Let t(l) = -14*l + l + 1 + u*l - 10 + 6*l. Determine t(-5).
26
Let q(k) = 0*k + 9*k**2 - k**3 - 26*k**2 + 86 - 11*k**2 + 32*k. Let y be q(-29). Let d(c) = c**3 + 2*c + 1. Calculate d(y).
-2
Suppose -585 = -3*y - 198. Let z = -107 + y. Let v(t) = 21*t - z*t + 2 + 1. Give v(-6).
9
Let o be (-3)/(16/(-5) + 3). Let d(t) = o - 9*t - 2 - 5 + 8*t. Give d(0).
8
Let x(g) = 19*g - 1315. Let j be x(69). Let y(p) = -8*p - 22. Determine y(j).
10
Let c(n) = -156*n - 55 + 49 + 155*n. Let k be (-2 - (-12)/5)*-5. Let v = -5 + k. Calculate c(v).
1
Suppose -3 = -y - 5*h, 3 = 56*y - 55*y + 3*h. Let f(r) be the second derivative of -10*r + 1/6*r**y - 5/2*r**2 + 0. Calculate f(0).
-5
Let o(w) be the first derivative of -w**4/4 + 2*w**3 - w**2 - 3*w + 34605. Let p(k) = k**3 + 6*k**2 - 2*k - 8. Let h be p(-6). Determine o(h).
21
Let m(v) = 8 + 1099*v - 2113*v + 1019*v. Determine m(-8).
-32
Let g(h) be the third derivative of -h**6/40 + h**5/30 - h**4/12 - h**3/6 - 5779*h**2. Determine g(4).
-169
Let k(a) = 2*a**3 - 61*a**2 + 82*a - 1. Let g(x) = -x**3 + 33*x**2 - 45*x + 1. Let n(l) = 7*g(l) + 4*k(l). Give n(12).
15
Let d(a) = a**3 - 7*a**2 - a + 23. Let n be d(7). Suppose n*c + 9 = -7. Let r(o) = 5*o. Give r(c).
-5
Suppose -9*c + 5*c = -28. Let v(k) = 29*k**3 + 16*k**2 - 7*k - 19. Let f(s) = 18*s**3 + 11*s**2 - 5*s - 13. Let a(z) = 8*f(z) - 5*v(z). Give a(c).
5
Let p(x) = -x**3 - 37*x**2 + 12*x + 441. Let n be p(-37). Let l(g) = 17*g + 45. What is l(n)?
-6
Let r(x) = 51438*x**2 - x + x**3 + 51443*x**2 - 14 - 102873*x**2 + 0. Let y = 8 - 16. Calculate r(y).
-6
Let u(b) be the second derivative of b**4/12 - 4*b**3/3 + 3*b**2 - 87*b + 3. Let t = -5 - -7. Suppose -5*o - 2*z = -25, 17 + 8 = 5*o - t*z. Give u(o).
-9
Let s(v) = -4*v + 249*v**2 - 266*v**2 - 25*v + 68*v - v**3 + 15. Calculate s(-19).
-4
Let h(t) = t**2 + t + 1. Suppose -2*l + 85 = 3*l. Let w(b) = -b**3 + 5*b**2 - 67*b + 444. Let f be w(6). Suppose -x - l*x = -f*x. Determine h(x).
1
Let l(v) = -2*v**3 + 33*v**2 + 95*v - 3. Let m be l(19). Let u(p) = p + 4 + p**2 - 3 - 2. Determine u(m).
5
Let t be (-19 + 13 - (-146 + 0))/2. Let h be (-2 + -3)/(35/t). Let j(x) = x**3 + 9*x**2 - 9*x + 2. Determine j(h).
-8
Let w be (-18)/(-135) + (-2306)/(-30). Suppose 20*s = 9*s - w. Let m(c) = -3*c - 12. Calculate m(s).
9
Let t(s) = -31*s**2 - s. Suppose 106*u = 28 + 78. Calculate t(u).
-32
Let b = -11383/6 + 1898. Let x(j) be the second derivative of 13*j - 2*j**2 - b*j**3 + 0. What is x(-3)?
11
Let a = 76 - 83. Let y(d) = 9*d + 54. Let q be y(a). Let r be 2/(-18) - (-35)/q. Let o(h) = h**3 + 2*h**2 + 3. Calculate o(r).
-29
Let o(i) = -3*i + 7. Suppose -2*b - 4*x + 0 = -6, -3*b = -5*x + 35. What is o(b)?
22
Suppose 17 = 3*y - 11*t + 7*t, -3*y = t - 7. Let w(p) = p - 50 + 18 + y*p. Let z be w(7). Let k(g) = g**2 + g. Calculate k(z).
12
Let f(n) = -322*n - 1144. Let p(k) = 119*k + 381. Let j(o) = -3*f(o) - 8*p(o). Give j(-27).
6
Let d = 2 + 4. Let f = d + -4. Let m(c) be the first derivative of 3*c**2/2 + 2*c + 13904. What is m(f)?
8
Let a(p) = 3 + 3*p**3 + 10*p**2 - 10 - 4*p**3 - 12*p + p**2. Let k be a(10). Let h be (-10)/4 + k/(-18). Let l(c) = 2*c**2 - 1. Determine l(h).
1
Let i(w) = -5*w + 1. Let s(q) = 195*q - 20. Let t(z) = -200*i(z) - 5*s(z). What is t(4)?
0
Let x(o) be the second derivative of 1/10*o**5 + 0*o**2 + 1/720*o**6 + 11/4*o**4 + 0 - 38*o + 0*o**3. Let i(b) be the third derivative of x(b). Give i(-9).
3
Suppose 0 = 278*f - 299*f - 84. Let q(r) = -5*r**2 - 15. Give q(f).
-95
Let i(j) = -j**2 - 4*j + 4. Suppose 2*d = f + d - 11, 4*f + 5*d + 1 = 0. Suppose 117 - 27 = f*k. Let x be (9 - 14)*2/k*6. Calculate i(x).
4
Let a(f) = f**3 - 4*f**2 - 8*f + 7. Let q be a(5). Let r(o) = -12*o + o**3 - 785*o**2 + 7*o + 229*o**2 + 278*o**2 + 286*o**2. Determine r(q).
40
Let x(m) = -5*m**2 + 2*m - 7. Let g(a) = 2*a**2 - 53*a - 2578. Let s be g(-25). Calculate x(s).
-58
Let i(j) = 8*j + 8. Let c(w) = -6*w + 1. Let k(f) = -210*f + 42. Let g(s) = -36*c(s) + k(s). Let z(y) = 6*g(y) - 5*i(y). Let n = -8 + 5. Give z(n).
8
Let v(z) = -76*z**2 - 541*z - 59. Let l be v(-7). Let d(k) = k**3 - 9*k + 3. Determine d(l).
31
Let h(a) = -13*a**3 + 7*a**2 - 21*a - 9. Let q(g) = 8*g**3 - 5*g**2 + 13*g + 6. Let s(x) = -5*h(x) - 8*q(x). Calculate s(-2).
7
Let b(p) = -4*p**2 - 10*p**2 + 18*p**2 + p - 7*p**2 + 2*p**2 + 1. Give b(4).
-11
Let m(h) = -h + 3. Let g be (-21)/24 - (-12)/(-96). Let l be ((-6)/g - 11) + 5. Give m(l).
3
Suppose 2*v + 3*f + 39 = 0, -2*v + 22*f = 17*f - 17. Let t(k) = 4*k**3 + 38*k**2 + 16*k - 12. What is t(v)?
6
Let i = 283 + -285. Let y be (i/4)/(0 + (-4)/48). Let q(v) = -v**2 + 3*v + 2. Calculate q(y).
-16
Let j(c) = -c**3 + 7*c**2 - c + 8. Let x be (12/10)/((-18)/(-4560)*-4). Let u be x/(-10) - (6 - (-270)/(-50)). Give j(u).
1
Let y(d) be the third derivative of 7*d**4/12 + 7*d**3/6 - 1737*d**2. Give y(-3).
-35
Let b(c) = -51*c + 374. Let s(a) = -19*a + 125. Let t(n) = -6*b(n) + 17*s(n). Calculate t(-7).
0
Let y(s) = -34*s**3 - 3*s**2 + 4*s + 4. Let b be y(-2). Let r = b + -258. Let c(v) = -v - 1. What is c(r)?
1
Suppose 10*y = 13*y - 165. Suppose 0 = y*q - 60*q + 10. Let v(l) = 0*l - 84 + q*l + 86. Give v(-2).
-2
Suppose -6*z - 2 = -c - z, 4*z = -4*c + 8. Let q(w) = -5*w**c + 2*w**2 - 13*w + 4*w**2 + 0 - 1. Calculate q(13).
-1
Let g(v) = -v**2 - 7*v - 10. Let h(k) = -k**2 - 17*k + 105. Let n be h(-22). Give g(n).
0
Let q(x) be the third derivative of -2/3*x**3 + 0 + 142*x**2 + 0*x + 1/24*x**4. Determine q(-3).
-7
Let k(z) be the third derivative of -z**6/120 + z**5/30 + z**4/8 + 23*z**3/6 + 72*z**2 - 4*z + 2. Give k(4).
3
Let p(w) be the third derivative of 7/24*w**4 - w**2 + 0 + 5*w + 1/3*w**3. What is p(-4)?
-26
Suppose 0*l - 3 = 3*l. Let w(x) be the first derivative of -3*x**2/2 + 2*x + 222. Determine w(l).
5
Let d(g) = g**2 + 9*g + 5. Let b = -26 + 30. 